, 2*x - 10 = -2*s. Calculate the remainder when 166 is divided by (3/(-2)*1)/(s/(-14)).
19
Calculate the remainder when 108 - (1 + 0 + -1) is divided by 47.
14
Let l = -538 - -908. Suppose -l = -8*f - 42. Let s(o) = 30*o. What is the remainder when s(4) is divided by f?
38
Let k be 2/3*(1 - (-1 + -7)). What is the remainder when (-10 - -28)*(8/k)/2 is divided by 5?
2
Let p(m) = -m**3 - 4*m**2 - 2*m + 2. Suppose 4 + 1 = -g. What is the remainder when p(g) is divided by 13?
11
Suppose 0 = 2*n + 2*y - 2, -6*y = -2*y. What is the remainder when n + 10/(-5) - 1*-68 is divided by 3*-1*(-28)/6?
11
Let j(q) = q**3 - 4*q**2 - q + 50. Let p = 23 - -4. Calculate the remainder when j(0) is divided by p.
23
Suppose 3*h + 4*x = 40, 0 = 5*h + x + 2*x - 52. What is the remainder when 44 + (-3 - 3)/(-3) is divided by h?
6
Let h(m) = 3*m**3 - 18*m**2 - 29*m - 5. Let x(c) = c**3 - 6*c**2 - 10*c - 2. Let q(j) = 2*h(j) - 7*x(j). Calculate the remainder when q(7) is divided by 8.
7
Let w = 61 - 29. Calculate the remainder when 14 is divided by (5/((-10)/w))/(-2).
6
Let s = 57 + -20. Suppose 18*j = 493 - 313. Calculate the remainder when s is divided by j.
7
Let g be 0*(1 - (-6)/(-4)). Let n(c) = c**3 - c**2 + c + 12. Let b be n(g). Let f = -1 + b. Calculate the remainder when 42 is divided by f.
9
Let q be 18*(7/3 + -1). What is the remainder when 27 is divided by 18/(-4)*q/(-18)?
3
Let b = 1566 - 1562. Calculate the remainder when 266 is divided by b.
2
Let i = 1019 - 621. Suppose 0 = -2*o - 0*o + 2*x + i, 3*o + x - 589 = 0. What is the remainder when o is divided by 50?
47
Suppose -24*o = -2054 - 394. What is the remainder when o is divided by 28?
18
Calculate the remainder when 185 is divided by 47/(4 - (0 - -3)).
44
Suppose -5*t + 3 = -5*v - 2, 2*v - 4 = 0. Suppose -t*s = 5*l - 36, -l - 4*s + 6 = l. What is the remainder when 16 is divided by l?
7
Let q = -12 - -18. What is the remainder when 36 is divided by q?
0
Let m(j) = -j + 5. Suppose 2*k = -2*k. What is the remainder when (9/36)/((-1)/(-68)) is divided by m(k)?
2
Suppose 3*l + a = 24, -a + 3*a + 24 = 3*l. Let i be (l/12 - 4)*-18. Suppose 0 = 7*x - 10*x + i. What is the remainder when x is divided by 7?
6
Let z(f) = 15*f - 18. Calculate the remainder when z(12) is divided by 37.
14
Suppose f - 2*l = -31, -5*f + 47 = -3*l + 174. Let x = f + 31. Calculate the remainder when ((-121)/(-22))/(2/x) is divided by 12.
10
Suppose -2*b = 4, d - 4*b + 9 = 139. Suppose 0 = 3*p + 14 - d. What is the remainder when 141 is divided by p?
33
Let d(s) = -21*s - 116. Calculate the remainder when d(-6) is divided by 6.
4
Let u = 61 - 59. Suppose 338 = u*o - 28. What is the remainder when o is divided by 46?
45
Suppose -2*v = 3*i - 53, 3*v - 6*i = -5*i + 74. Let s(j) = j**2 + 49*j - 200. What is the remainder when v is divided by s(4)?
1
Suppose -43*s + 38*s + 100 = 0. What is the remainder when 1 + 0 + (74 + 4 - 3) is divided by s?
16
Let l = -210 + 242. Calculate the remainder when l is divided by 7.
4
Suppose 20 = -5*x, -3*x = -3*d - 0*d + 24. Calculate the remainder when 54 + -1 + (2 - d) is divided by 18.
15
Let a = -679 + 707. What is the remainder when a is divided by 1?
0
What is the remainder when 2 + (-3 - (-163 + 3)) is divided by 18?
15
Let v = 1275 + -687. Suppose -4*t = 3*j - 606, -3*t = 3*j - 5*t - v. Calculate the remainder when j is divided by 50.
48
Let a(c) = 5*c**2 - 12*c - 2. Calculate the remainder when a(-5) is divided by 37.
35
What is the remainder when 68 is divided by (33 + (4 - 1))*(0 - -1)?
32
Let a(b) = 3*b + 3. Let f be a(1). Calculate the remainder when f/(2*-6) + 51/2 is divided by 4.
1
Let t(u) = 2 - 2 + 2*u**2 - 23*u**3 + u. What is the remainder when t(-1) is divided by (-1)/7 - (57/(-7) + 3)?
4
Suppose 9 = 4*p - 3, -177 = -4*r - 3*p. What is the remainder when 167 is divided by r?
41
Let p = -94 - -141. Suppose -f + 21 = 2. Calculate the remainder when p is divided by f.
9
What is the remainder when 48 is divided by 4*(-10)/10 - -20?
0
Let a = 55 - 52. Suppose -5*p + 4*x - 3*x = -118, -a*p + 4*x = -64. What is the remainder when 95 is divided by p?
23
Suppose 200*j = -31*j + 26*j + 6765. Let z(h) = 17*h**3 + 1. Let i = 4 - 3. What is the remainder when j is divided by z(i)?
15
Let w(d) = -d + 113. Calculate the remainder when w(22) is divided by (-46)/(-6)*(5 + -2).
22
Let k(t) be the first derivative of 2*t**3 - t**2/2 + t - 14. Suppose -3*q + 22 = -23. What is the remainder when q is divided by k(1)?
3
Suppose 5*v + 0*v = -5*a - 175, 5*a + 167 = -v. Let y = -28 - a. Calculate the remainder when 18 is divided by y.
3
Suppose -3*b = f - 5, f + 2*f = -5*b + 15. Suppose -24 - 48 = -4*z. What is the remainder when z/8*32/8 is divided by f?
4
Suppose 2*j = j + 57. Let q(a) = a**2 - 32*a + 204. What is the remainder when j is divided by q(24)?
9
Let v be 2*(-2)/2 + 4 + -35. Let h = 39 + v. Let m = -35 + 50. What is the remainder when m is divided by h?
3
Let h(u) = 10*u - 50. Suppose -2*b + 6 = b. Suppose 48 = -2*q + 5*q + 2*s, -33 = -b*q - s. What is the remainder when q is divided by h(6)?
8
Let h(k) = -k**3 - 12*k**2 - 20*k + 7. Suppose -3*c + 33 = 3*d, -4 = -0*c + c. What is the remainder when d is divided by h(-10)?
1
Let j(n) = -n**2 - 10*n + 4. Let d be 39/(-2)*2/(-3). Suppose d*w - 228 = 9*w. Calculate the remainder when w is divided by j(-8).
17
Let f(h) = -2*h**3 + 6*h**2 + 9*h - 4. What is the remainder when 115 is divided by f(-2)?
7
Suppose x + 24 = w, 5*w - 6*x + 2*x - 121 = 0. Calculate the remainder when 122 is divided by w.
22
Let l = -124 + 132. Suppose -2*s + 85 + 53 = -3*v, 359 = 5*s - 4*v. Suppose -9*f = -14*f + s. What is the remainder when f is divided by l?
7
Calculate the remainder when 45 is divided by ((-26)/14 + 1)/(3/(-42)).
9
Let m(t) = t**3 + 15*t**2 + 12*t - 26. Let c be m(-14). Suppose -p = -2*v - 12, -v + 27 = c*p - 4*v. What is the remainder when 32 is divided by p?
14
Let c be (10/4)/((-1)/(-2)). Suppose 0*j + 210 = c*j. Suppose 2*p = 4*p - j. What is the remainder when 81 is divided by p?
18
Let o = -24 + 5. Let q = o - -31. Let d = 10 + 25. What is the remainder when d is divided by q?
11
Let j be 55/22*2*5. Let r = j - 3. Let b(q) = -q**3 + 13*q**2 + 6*q + 29. Calculate the remainder when b(13) is divided by r.
19
Let y(z) = 12*z - 9. Let o = -717 + 743. Calculate the remainder when y(7) is divided by o.
23
Let r be 26/(-6) - (-5)/15. Let w(d) = -6*d - 2. What is the remainder when 65 is divided by w(r)?
21
Let g = 25 + -52. Let m be (-2016)/g + (-3)/(-9). Suppose 0*v - m = -3*v - 3*i, -5*i = 4*v - 98. What is the remainder when v is divided by 7?
6
Let g(k) = k**2 - 6*k - 13. Let m be g(8). Let y(q) = 107*q**3 - q**2. Let w be y(1). Suppose 0 = -c + m*c - w. What is the remainder when c is divided by 28?
25
Suppose 4*j + 3*b = 508, 2*j + 5*b = 7*b + 268. Calculate the remainder when j is divided by 44.
42
Let l be 7*((-26)/(-21) - 20/30). Suppose -v + 4*j = 6*j - 27, -4*j - 144 = -l*v. Calculate the remainder when v is divided by 8.
1
What is the remainder when 47 is divided by (-2 + 4 - 4)*(-175)/50?
5
Suppose 4*g - 7 - 57 = 0. Let c be -4 - (-7)/2*12. Suppose c + 117 = 5*t. What is the remainder when t is divided by g?
15
Suppose 3*q = 7*q - 5*f - 14, -q - 5*f + 16 = 0. What is the remainder when 44 is divided by q?
2
Suppose 2*a + 2*k + 15 - 161 = 0, 0 = k - 1. What is the remainder when a is divided by 25?
22
Suppose 3*i - 6 = 0, 0*h - 122 = -4*h + i. Let w = h - 19. What is the remainder when 7*3 + (-7 - 0) + 8 is divided by w?
10
Suppose 6*y - 7*y = 5*b - 148, -2*b + 5*y = -43. What is the remainder when 171 is divided by b?
26
Let m = 663 - 593. Let h = 45 + -21. What is the remainder when m is divided by h?
22
Let y = 57 - 43. Calculate the remainder when 91 is divided by y/(-4) + 4 - 122/(-4).
29
Let i(t) = t**2 + 11*t + 12. Let n be i(-7). Let x = n - -40. What is the remainder when 34 is divided by (-2)/6 - (-224)/x?
7
Suppose 2*i - 38 = 5*u, 5*i - 66 = -4*u + 95. Suppose 0 - 36 = -4*m. Calculate the remainder when i is divided by m.
2
Let z be 12/(-10)*(-160)/(-24). Let r = z - -11. Suppose 8*o - r*o - 170 = 0. Calculate the remainder when o is divided by 12.
10
Let k be 6*((-4)/8)/(-1). Suppose 0 = -2*u + 2*t + 18 + 22, k*u - 4*t - 58 = 